 the highest common factor of 296 and 334480.
296
What is the highest common divisor of 2736 and 1238040?
1368
What is the greatest common divisor of 22250 and 550?
50
Calculate the highest common factor of 70 and 225491.
7
Calculate the greatest common factor of 112173 and 11567.
269
What is the highest common factor of 48 and 204?
12
What is the greatest common divisor of 150255 and 45?
45
Calculate the highest common divisor of 269 and 9304441.
269
Calculate the highest common divisor of 2335 and 485.
5
Calculate the highest common factor of 1435 and 9307.
41
What is the greatest common divisor of 7997808 and 64?
16
Calculate the greatest common factor of 67580 and 496.
124
What is the greatest common divisor of 11172 and 3420?
228
What is the highest common factor of 212 and 579661?
53
What is the greatest common factor of 108 and 218106?
54
Calculate the greatest common divisor of 852 and 780.
12
Calculate the greatest common divisor of 14476 and 7876.
44
Calculate the highest common divisor of 3293 and 1776.
37
What is the greatest common divisor of 11586963 and 93?
93
What is the highest common factor of 114711 and 3?
3
Calculate the greatest common divisor of 90671 and 21.
7
What is the highest common divisor of 43102 and 2162?
46
What is the highest common factor of 14487 and 55?
11
Calculate the highest common factor of 552 and 107364.
276
Calculate the highest common factor of 31808 and 64.
64
What is the greatest common divisor of 8335 and 30?
5
Calculate the highest common divisor of 444 and 1156287.
111
Calculate the highest common divisor of 4218 and 114114.
114
Calculate the highest common divisor of 1208 and 55870.
302
Calculate the highest common divisor of 3007 and 5529.
97
Calculate the greatest common divisor of 8835 and 1488.
93
Calculate the highest common factor of 230 and 2064595.
115
What is the highest common divisor of 76 and 294158?
38
What is the highest common factor of 14892 and 4692?
204
What is the highest common divisor of 4655556 and 24?
12
What is the greatest common divisor of 32 and 15528?
8
What is the greatest common divisor of 9932 and 616548?
764
What is the highest common factor of 97157 and 1?
1
Calculate the highest common divisor of 6160 and 2915.
55
What is the highest common divisor of 7885 and 4465?
95
Calculate the greatest common factor of 459586 and 552.
46
What is the highest common divisor of 92995 and 105?
35
Calculate the highest common divisor of 607949 and 381.
127
What is the greatest common factor of 468 and 603135?
117
Calculate the highest common factor of 1569132 and 54.
54
Calculate the highest common divisor of 2013394 and 316.
158
Calculate the greatest common factor of 299414 and 253.
23
Calculate the greatest common divisor of 9450 and 170.
10
What is the greatest common factor of 1344 and 8176?
112
What is the highest common factor of 26 and 36296?
26
Calculate the highest common factor of 50 and 350890.
10
What is the greatest common factor of 21442 and 2272?
142
Calculate the highest common factor of 352877 and 7.
7
Calculate the highest common divisor of 279 and 22095.
9
What is the greatest common factor of 5014 and 5450?
218
What is the greatest common divisor of 1812 and 138316?
604
What is the greatest common factor of 4727140 and 88?
44
Calculate the highest common divisor of 25967 and 14099.
23
What is the greatest common factor of 548742 and 42?
6
What is the greatest common divisor of 336 and 6132?
84
What is the highest common factor of 961815 and 30?
15
Calculate the greatest common divisor of 149176 and 196758.
1286
Calculate the greatest common factor of 2068 and 4324.
188
What is the greatest common divisor of 10 and 52170?
10
What is the highest common divisor of 13132 and 1764?
196
What is the greatest common divisor of 96975 and 14400?
225
What is the greatest common factor of 91 and 132293?
7
Calculate the highest common factor of 688 and 3956.
172
Calculate the highest common divisor of 623223 and 9.
9
Calculate the greatest common factor of 1862 and 3542.
14
What is the highest common factor of 661 and 2644?
661
Calculate the highest common factor of 11 and 200409.
11
Calculate the greatest common divisor of 4205 and 14935.
145
Calculate the highest common factor of 187 and 281094.
11
What is the highest common divisor of 209 and 378613?
19
Calculate the highest common factor of 47216 and 1040.
208
Calculate the greatest common divisor of 60173 and 19.
19
What is the greatest common divisor of 686 and 3920?
98
Calculate the highest common divisor of 2072 and 6.
2
Calculate the highest common factor of 98160 and 240.
240
Calculate the highest common divisor of 7657 and 325299.
247
What is the highest common divisor of 207 and 7061?
23
What is the greatest common divisor of 1027951 and 149?
149
Calculate the greatest common factor of 433 and 1718144.
433
Calculate the highest common factor of 91472 and 272.
16
What is the greatest common divisor of 38280 and 352?
88
Calculate the highest common divisor of 56 and 508.
4
Calculate the highest common divisor of 103058 and 5675.
227
Calculate the highest common factor of 1127 and 4347.
161
What is the highest common factor of 288 and 5976?
72
Calculate the greatest common divisor of 230274 and 198.
198
Calculate the highest common divisor of 4 and 5708908.
4
Calculate the greatest common factor of 108232 and 4648.
664
What is the highest common divisor of 403 and 82?
1
Calculate the greatest common factor of 50 and 80450.
50
Calculate the greatest common factor of 8960 and 3712.
128
What is the greatest common divisor of 153 and 14977?
17
Calculate the greatest common factor of 91 and 17355.
13
Calculate the highest common divisor of 140 and 215390.
70
Calculate the highest common factor of 3967279 and 227.
227
Calculate the greatest common divisor of 75864 and 89598.
654
Calculate the highest common factor of 12785 and 25.
5
Calculate the greatest common divisor of 8823 and 185802.
519
Calculate the highest common factor of 1576 and 3297386.
394
What is the greatest common factor of 497 and 494515?
497
What is the greatest common factor of 966794 and 2?
2
What is the highest common divisor of 6975751 and 257?
257
Calculate the highest common factor of 6273 and 1377.
153
Calculate the highest common divisor of 512 and 445376.
64
Calculate the greatest common factor of 9975 and 12.
3
What is the highest common factor of 26010 and 24174?
306
What is the greatest common divisor of 575620 and 680?
340
What is the highest common divisor of 1265011 and 11?
11
What is the greatest common divisor of 441 and 142933?
49
What is the highest common divisor of 142849 and 42?
7
Calculate the highest common divisor of 783 and 20184.
87
What is the greatest common divisor of 200588 and 4?
4
Calculate the highest common factor of 80 and 790.
10
Calculate the highest common factor of 192 and 33000.
24
Calculate the greatest common factor of 85 and 288881.
17
What is the highest common divisor of 123030 and 90?
90
Calculate the greatest common factor of 217 and 355818.
31
What is the greatest common factor of 158495 and 40?
5
What is the greatest common divisor of 16785 and 3505?
5
What is the greatest common divisor of 101548 and 23108?
212
What is the greatest common factor of 1053 and 37755?
9
What is the highest common divisor of 12 and 71268?
12
What is the greatest common divisor of 150300 and 60?
60
Calculate the greatest common factor of 8 and 7913.
1
Calculate the highest common factor of 420 and 15981.
21
Calculate the greatest common factor of 88182 and 16898.
142
What is the highest common divisor of 16 and 3074220?
4
Calculate the greatest common divisor of 2110 and 5110.
10
What is the greatest common divisor of 238536 and 936?
72
Calculate the highest common factor of 104 and 111576.
8
Calculate the highest common divisor of 126 and 36756.
18
What is the greatest common divisor of 2565 and 6615?
135
Calculate the greatest common divisor of 75 and 206595.
15
What is the greatest common factor of 258172 and 38?
38
Calculate the highest common divisor of 6643 and 10101.
91
Calculate the highest common divisor of 6141 and 4071.
69
What is the greatest common factor of 29336 and 2584?
152
What is the highest comm